is the thousands digit of 109597?
9
What is the hundred thousands digit of 912512?
9
What is the hundreds digit of 162749?
7
What is the thousands digit of 1534757?
4
What is the hundreds digit of 94471?
4
What is the ten thousands digit of 1335124?
3
What is the tens digit of 1260980?
8
What is the hundred thousands digit of 352294?
3
What is the ten thousands digit of 17140429?
4
What is the hundreds digit of 74436?
4
What is the units digit of 234650?
0
What is the hundred thousands digit of 946827?
9
What is the thousands digit of 380067?
0
What is the units digit of 977073?
3
What is the ten thousands digit of 1335905?
3
What is the units digit of 1815851?
1
What is the ten thousands digit of 617910?
1
What is the millions digit of 10567619?
0
What is the hundred thousands digit of 1492818?
4
What is the millions digit of 17885780?
7
What is the hundreds digit of 1643616?
6
What is the hundreds digit of 684367?
3
What is the units digit of 446925?
5
What is the hundreds digit of 22198606?
6
What is the thousands digit of 767778?
7
What is the tens digit of 34107?
0
What is the tens digit of 1077432?
3
What is the hundred thousands digit of 219454?
2
What is the units digit of 3870104?
4
What is the millions digit of 15544002?
5
What is the hundred thousands digit of 278504?
2
What is the thousands digit of 3404059?
4
What is the ten thousands digit of 117766?
1
What is the units digit of 3372545?
5
What is the thousands digit of 555073?
5
What is the millions digit of 10824848?
0
What is the hundreds digit of 10971852?
8
What is the units digit of 1491412?
2
What is the hundred thousands digit of 4751785?
7
What is the thousands digit of 907851?
7
What is the units digit of 84347?
7
What is the millions digit of 10711241?
0
What is the tens digit of 18348692?
9
What is the units digit of 475490?
0
What is the hundreds digit of 13414640?
6
What is the thousands digit of 872476?
2
What is the hundreds digit of 1058369?
3
What is the ten thousands digit of 275423?
7
What is the ten thousands digit of 1531123?
3
What is the ten thousands digit of 443646?
4
What is the thousands digit of 504449?
4
What is the thousands digit of 7940832?
0
What is the hundreds digit of 122488?
4
What is the hundred thousands digit of 375696?
3
What is the millions digit of 3811670?
3
What is the ten thousands digit of 9576128?
7
What is the ten thousands digit of 1045133?
4
What is the tens digit of 237542?
4
What is the thousands digit of 166053?
6
What is the hundred thousands digit of 2651083?
6
What is the tens digit of 774202?
0
What is the hundred thousands digit of 329015?
3
What is the ten thousands digit of 96536?
9
What is the thousands digit of 5613517?
3
What is the hundreds digit of 1017023?
0
What is the hundred thousands digit of 352040?
3
What is the thousands digit of 35130152?
0
What is the hundred thousands digit of 5879233?
8
What is the ten thousands digit of 566428?
6
What is the millions digit of 1579785?
1
What is the tens digit of 2319035?
3
What is the tens digit of 1252224?
2
What is the ten thousands digit of 1329310?
2
What is the millions digit of 1201720?
1
What is the tens digit of 571208?
0
What is the units digit of 132749?
9
What is the thousands digit of 148132?
8
What is the units digit of 2671947?
7
What is the hundreds digit of 26153104?
1
What is the units digit of 1174606?
6
What is the hundreds digit of 134638?
6
What is the ten thousands digit of 11805392?
0
What is the hundreds digit of 4867094?
0
What is the tens digit of 165488?
8
What is the units digit of 1068212?
2
What is the hundred thousands digit of 1262499?
2
What is the ten thousands digit of 923512?
2
What is the hundreds digit of 1191633?
6
What is the millions digit of 1742577?
1
What is the ten thousands digit of 53819?
5
What is the millions digit of 10847679?
0
What is the hundreds digit of 4153915?
9
What is the hundreds digit of 895684?
6
What is the ten thousands digit of 296667?
9
What is the millions digit of 1364005?
1
What is the thousands digit of 341667?
1
What is the tens digit of 14628390?
9
What is the units digit of 2553046?
6
What is the thousands digit of 121575?
1
What is the hundreds digit of 2821?
8
What is the thousands digit of 160978?
0
What is the tens digit of 14108352?
5
What is the hundred thousands digit of 2545492?
5
What is the hundred thousands digit of 860174?
8
What is the tens digit of 716200?
0
What is the hundreds digit of 4541262?
2
What is the hundred thousands digit of 531812?
5
What is the hundred thousands digit of 9097261?
0
What is the thousands digit of 1114765?
4
What is the hundreds digit of 971222?
2
What is the thousands digit of 82036?
2
What is the thousands digit of 16486731?
6
What is the hundreds digit of 3442920?
9
What is the ten millions digit of 11803851?
1
What is the ten thousands digit of 5988551?
8
What is the thousands digit of 1342075?
2
What is the thousands digit of 615387?
5
What is the ten thousands digit of 172393?
7
What is the thousands digit of 2454619?
4
What is the hundred thousands digit of 4213276?
2
What is the ten thousands digit of 1964175?
6
What is the thousands digit of 936643?
6
What is the hundred thousands digit of 20488721?
4
What is the units digit of 9632?
2
What is the tens digit of 1330763?
6
What is the hundred thousands digit of 3631158?
6
What is the thousands digit of 8229135?
9
What is the ten thousands digit of 13028630?
2
What is the units digit of 366841?
1
What is the thousands digit of 1652824?
2
What is the hundred thousands digit of 412801?
4
What is the thousands digit of 6595865?
5
What is the ten thousands digit of 13383326?
8
What is the millions digit of 10760634?
0
What is the thousands digit of 602789?
2
What is the millions digit of 1688672?
1
What is the ten thousands digit of 3891545?
9
What is the ten thousands digit of 5790823?
9
What is the hundreds digit of 7396379?
3
What is the units digit of 66360?
0
What is the ten millions digit of 21402903?
2
What is the hundreds digit of 476164?
1
What is the ten thousands digit of 5979733?
7
What is the units digit of 66169?
9
What is the units digit of 8542507?
7
What is the ten thousands digit of 1438695?
3
What is the tens digit of 381268?
6
What is the units digit of 8650763?
3
What is the units digit of 64754?
4
What is the hundreds digit of 1601198?
1
What is the units digit of 306905?
5
What is the millions digit of 6161864?
6
What is the tens digit of 818152?
5
What is the millions digit of 1236183?
1
What is the ten thousands digit of 2747290?
4
What is the ten millions digit of 31002384?
3
What is the thousands digit of 48918?
8
What is the units digit of 10191?
1
What is the thousands digit of 164447?
4
What is the hundreds digit of 2548396?
3
What is the units digit of 1866972?
2
What is the hundred thousands digit of 388604?
3
What is the hundreds digit of 16816189?
1
What is the hundred thousands digit of 122108?
1
What is the thousands digit of 4311?
4
What is the hundreds digit of 251177?
1
What is the thousands digit of 1778111?
8
What is the thousands digit of 20822?
0
What is the thousands digit of 305293?
5
What is the units digit of 59553?
3
What is the hundreds digit of 1600344?
3
What is the units digit of 12394983?
3
What is the thousands digit of 29773?
9
What is the ten thousands digit of 3136807?
3
What is the tens digit of 32787965?
6
What is the thousands digit of 15449339?
9
What is the tens digit of 4230107?
0
What is the ten thousands digit of 11798685?
9
What is the ten thousands digit of 806465?
0
What is the hundred thousands digit of 609660?
6
What is the tens digit of 10452005?
0
What is the tens digit of 7780731?
3
What is the ten thousands digit of 275145?
7
What is the ten thousands digit of 285618?
8
What is the hundred thousands digit of 5090693?
0
What is the hundreds digit of 799085?
0
What is the tens digit of 8913954?
5
What is the hundreds digit of 7335993?
9
What is the hundreds digit of 27819?
8
What is the hundred thousands digit of 303339?
3
What is the units digit of 199162?
2
What is the thousands digit of 1658020?
8
What is the thousands digit of 14150983?
0
What is the tens digit of 38376636?
3
What is the thousands digit of 5828139?
8
What